(3/12). What are the prime factors of w/o - 446/(-12)?
37
Suppose 8*g = 1174 + 2234. What are the prime factors of g?
2, 3, 71
Let i = -1014 + 1383. List the prime factors of i.
3, 41
Let r = 849 + 96. Suppose 0 = -8*m - 7*m + r. What are the prime factors of m?
3, 7
Let p(l) = 205*l - 63. What are the prime factors of p(2)?
347
Let i = -104 + 4. Let h be (-4320)/i*(-20)/(-6). Suppose 6*p - p - h = 2*l, p + l = 26. What are the prime factors of p?
2, 7
Let r = 25 + -16. Suppose -r*v = -4*v - 225. List the prime factors of (48/(-10))/((-9)/v).
2, 3
Let q = -110 + 112. Suppose -a + z - 281 = -3*a, q*a = -2*z + 284. What are the prime factors of a?
139
Suppose 60*s - 50 = 65*s. List the prime factors of (4/s)/((-22)/7370).
2, 67
Let t = 31 - 23. What are the prime factors of (4/t)/((-2)/(-476))?
7, 17
Suppose -9 = y + m, 0 = 2*y - 3*m + m + 22. Let b = 1 - y. Suppose 0 = q - b - 12. What are the prime factors of q?
23
What are the prime factors of 249900/119 - 11*1?
2089
Suppose 3*o - 100 = -2*o. Suppose 5*y + 0*y = -o. Let d = y - -9. List the prime factors of d.
5
Let m = 39 - 37. What are the prime factors of 1/m*(-4 + 78)?
37
Suppose -4*z = -11*z - 7. Let t be 6/(-2)*1 + 0. What are the prime factors of t - (-2 + z + -41)?
41
Let u = 2377 + -1191. List the prime factors of u.
2, 593
Let u = 960 + -791. List the prime factors of u.
13
Let l = 1872 - 428. List the prime factors of l.
2, 19
Suppose 5*r + 6 = 31. Suppose 0 = -r*k - 22 + 52. List the prime factors of (k/1)/(3/14).
2, 7
Let w be (-10)/25 - (-22)/5. Let a be (3 + -3 - 2) + w. Let m = a + 10. List the prime factors of m.
2, 3
Let j be (-21)/(-2)*(-48)/(-28). Let g be (-2)/6 + 402/j. Let t = g - -18. List the prime factors of t.
2, 5
Let s(c) = -3*c**3 + c**2 - 4*c + 5. Let n be s(-5). Suppose 7*t - 2*t + n = 5*r, 0 = -5*t. List the prime factors of (2 - -4)/(10/r).
3, 17
Let y be 3 + (-125)/15*-3. Suppose 0 = d - 1, 4*n - 3*n + 4*d = y. List the prime factors of n.
2, 3
Let d(s) = s - 11. Let n be d(0). Let a = n + 85. List the prime factors of a.
2, 37
Let q be 1*3*(-6 - 176/(-24)). Suppose -t - 3*g + 219 = 0, -q*g - 1031 = -5*t - 3*g. List the prime factors of t.
3, 23
Suppose -3*q + 3407 - 727 = -r, -5*r + 872 = q. What are the prime factors of q?
2, 223
Let u be 18/8*(18 + -6). Suppose 4*v = -3*y + u, 2*y - 2*v - 5 = -1. Suppose -c + 2 = -3*x, -2*c + 2 = -y*x - 7. What are the prime factors of c?
17
Suppose 4*y = 4*p + 3144, 2231 + 126 = 3*y - 2*p. List the prime factors of y.
5, 157
Let d = 120 - -185. What are the prime factors of d?
5, 61
Suppose -4*x + 3*x = 2*v + 5, -19 = -x + 4*v. Suppose -619*t = -629*t + 840. Suppose -x*f = 4*f - t. List the prime factors of f.
2, 3
List the prime factors of 1912/18 + 9/(81/(-2)).
2, 53
Let h(x) = -110*x + 280. List the prime factors of h(-20).
2, 5, 31
List the prime factors of ((-1)/(-2))/(2/1636).
409
Let z(y) = -5*y - 14. Let k = -32 - -18. What are the prime factors of z(k)?
2, 7
Let u(f) = -9*f + 3. Let d be u(-4). Suppose -d = -4*y + y. List the prime factors of 1/2*(y - 1).
2, 3
Let r be 2/(0 - -2) + -10. Let l(v) = -4 - 7*v**2 + 12*v**2 - 2*v - 14*v**2 - v**3. What are the prime factors of l(r)?
2, 7
What are the prime factors of -5 + -1 - (5 - 3)*-929?
2, 463
Let z = -33 - -17. Let r = z + 15. List the prime factors of 17 + (1/(-1) - r).
17
Let s(w) = w**3 + 4*w**2 - 2*w + 15. Let v be s(-5). Suppose v = 5*r - 358 + 8. List the prime factors of r.
2, 5, 7
Let n(t) = 85*t - 308. List the prime factors of n(11).
3, 11, 19
Suppose 3*a - 33 = -2*r, 3*r + 0*r - 48 = -3*a. Let u be -5*-3*3/r. Suppose 52 = u*q + q. What are the prime factors of q?
13
Let p be 13/5 - (-6)/(-10). List the prime factors of -2 - -69 - p*2.
3, 7
Suppose 0 = -5*z + 2*z + 477. Suppose 5*t = 2*t + z. List the prime factors of t.
53
Let z(l) = -2*l + 8 + 1 + 3*l - 10. Suppose 3*d - 25 + 1 = 0. What are the prime factors of z(d)?
7
Let m(i) = 2*i**2 - 12*i + 12. Let p be m(8). Suppose 0 = -p*t + 43*t + 120. List the prime factors of t.
2, 3, 5
Let i(b) = 37*b**2 - 7*b + 4. Let a be i(-5). List the prime factors of 3/(4 - a/244).
61
Let v = 75 + -33. Let t = -90 + 150. Let m = t - v. What are the prime factors of m?
2, 3
Suppose u - 4*n - 416 = 0, -2*u = 2*n - 236 - 546. Suppose -2*c = b - 26 - u, -2*b - 221 = -c. What are the prime factors of c?
3, 71
Suppose 4*n - 1564 = -4*x, 3*x - 153 - 985 = 4*n. What are the prime factors of x?
2, 193
Suppose -816 = -3*t - 2*z + 265, -5*t = -3*z - 1827. Suppose 2*l = -v - 2*v + t, 2*v = 3*l - 512. What are the prime factors of l?
2, 3, 29
Suppose -7*q = -10*q + 57. Let n = 7 + -3. Suppose q = n*d - 197. List the prime factors of d.
2, 3
Suppose 59*l - 16128 = 45*l. List the prime factors of l.
2, 3
Let y = 80 + -8. Let i = y + 17. What are the prime factors of i?
89
Let i = -8 + 6. Let l be i + 11 - 10/5. Suppose l = -4*q + 95. What are the prime factors of q?
2, 11
Let m be 1737/15 - (-6)/30. Suppose 2*f - m = -44. List the prime factors of f.
2, 3
Suppose 2*u = -3*u + 85. Suppose 0 = 6*h - 7*h + u. Suppose -4*i = -31 - h. What are the prime factors of i?
2, 3
Let u(q) = q + 18. Let b be u(-10). Suppose -2*k = -b + 4. What are the prime factors of k?
2
Let c = 834 - 479. List the prime factors of c.
5, 71
Let l = -730 + 1193. List the prime factors of l.
463
List the prime factors of -2 + 579 - (-8 - -4).
7, 83
Let z = -35 - -32. Let s be z*(-21 - -4 - 0). Let k = 76 - s. List the prime factors of k.
5
What are the prime factors of 117/(-9 - (-1100)/121)?
3, 11, 13
Suppose 3*t = 2*p - 97, -p + 6*p - 233 = -2*t. Suppose -161 - p = -4*v. List the prime factors of v.
2, 13
Let u(r) = r. Let i be u(2). Suppose -5*o = -i*o - 144. Suppose 4*a + 4*x - o = 0, 4 = 3*a - 4*x - 39. List the prime factors of a.
13
Suppose -36 = -d - 3*j, 0 = 5*d + 3*j - 0*j - 216. Suppose -5*q + 5*g = -10 - d, 5*q + g = 73. Let z = 23 - q. List the prime factors of z.
3
Suppose -33 = -4*j + 543. List the prime factors of j.
2, 3
Suppose -4*m - 29 = q + 12, -21 = 4*m - 3*q. Let f(x) = -x**3 - 6*x**2 + 13*x + 13. What are the prime factors of f(m)?
139
Suppose -22*d + 2*y + 9545 = -19*d, 3*y - 3167 = -d. What are the prime factors of d?
11, 17
Suppose -220*p - 5238 = -229*p. What are the prime factors of p?
2, 3, 97
Let u(z) = z - 5. Let t be u(6). Let n(r) = 47*r**3 + 3*r**2 - 2*r - 1. What are the prime factors of n(t)?
47
Let v = -94 + 140. Suppose d + 5*r - 19 = 0, -d + 18 = -r + 5*r. Let x = v - d. What are the prime factors of x?
2
Let b be (-7)/(21/(-6)) + -101. Let f = 314 + b. Suppose 0 = 5*h - f + 25. List the prime factors of h.
2, 19
Suppose -3*g - g = 5*c - 11, 2*g - 5 = -3*c. Suppose -g*f + 85 - 9 = 0. Suppose -f = -j + 9. What are the prime factors of j?
2, 7
Suppose -9*d = -17436 + 5331. List the prime factors of d.
5, 269
Let d(k) = -9*k - 8*k + 3 - 9 + 6*k. List the prime factors of d(-6).
2, 3, 5
Suppose -21*f = -63720 - 16500. List the prime factors of f.
2, 5, 191
Suppose 0 = 5*t - 10 - 30. Suppose 54 = t*l - 26. What are the prime factors of l?
2, 5
Let c(x) = 42*x - 127. What are the prime factors of c(11)?
5, 67
Suppose 0 = x - 2*u - 1829, u - 49 = -48. What are the prime factors of x?
1831
Let m = -238 + 545. Let j = m + -37. List the prime factors of j.
2, 3, 5
List the prime factors of 1458/10 + 7/35.
2, 73
Suppose -2*k + 60 - 22 = -2*m, 4*k = -m + 6. List the prime factors of ((-7)/m)/((-1)/(-202)).
101
Suppose 4*d - 5882 = 5*k - 7*k, 4*d = 5*k + 5861. Suppose 0 = 10*p - d - 901. What are the prime factors of p?
3, 79
Suppose -p = -1, 0*p + 49 = -4*s + p. Let k be (-3 - 1)*(-20)/4. Let j = k + s. What are the prime factors of j?
2
Let n = -2012 + 2339. What are the prime factors of n?
3, 109
Let f(r) = -r**3 + 6*r**2 - 3*r. Let g be f(4). Suppose 4*m + m = g. Suppose -2*x + 24 = -4*i, x + m*x = 3*i + 53. What are the prime factors of x?
2, 5
What are the prime factors of 9*4/108 - (-16053)/9?
2, 223
Let i = 6414 - 4243. List the prime factors of i.
13, 167
Suppose -26*m = -25*m - 142. Let o = 224 - m. What are the prime factors of o?
2, 41
Suppose -7*t = -9*t - 24. What are the prime factors of 15180/75 + (t/10)/(-2)?
7, 29
Let h(f) = 4*f**2 + 141*f - 56. List the prime factors of h(16).
2, 13, 31
Let o be -4*(-3)/6 - 8.